/*
Navicat MySQL Data Transfer

Source Server         : Localhost
Source Server Version : 50532
Source Host           : 127.0.0.1:3306
Source Database       : amazinkprint

Target Server Type    : MYSQL
Target Server Version : 50532
File Encoding         : 65001

Date: 2016-08-30 13:50:09
*/


-- ----------------------------
-- Table structure for contact
-- ----------------------------
CREATE TABLE `contact` (
  `id` int(11) NOT NULL AUTO_INCREMENT,
  `tanggal` date DEFAULT NULL,
  `name` varchar(255) DEFAULT NULL,
  `email` varchar(255) DEFAULT NULL,
  `message` varchar(255) DEFAULT NULL,
  PRIMARY KEY (`id`)
) ENGINE=InnoDB DEFAULT CHARSET=latin1;

-- ----------------------------
-- Records of contact
-- ----------------------------

-- ----------------------------
-- Table structure for form_reseller
-- ----------------------------
CREATE TABLE `form_reseller` (
  `id` int(11) NOT NULL AUTO_INCREMENT,
  `nama` varchar(255) DEFAULT NULL,
  `email` varchar(255) DEFAULT NULL,
  `no_telp` varchar(255) DEFAULT NULL,
  `pesan` longtext,
  PRIMARY KEY (`id`)
) ENGINE=InnoDB DEFAULT CHARSET=latin1;

-- ----------------------------
-- Records of form_reseller
-- ----------------------------

-- ----------------------------
-- Table structure for main_menu
-- ----------------------------
CREATE TABLE `main_menu` (
  `id` int(11) NOT NULL AUTO_INCREMENT,
  `nama_menu` varchar(255) DEFAULT NULL,
  `page_id` int(11) DEFAULT NULL,
  PRIMARY KEY (`id`)
) ENGINE=InnoDB DEFAULT CHARSET=latin1;

-- ----------------------------
-- Records of main_menu
-- ----------------------------

-- ----------------------------
-- Table structure for main_produk
-- ----------------------------
CREATE TABLE `main_produk` (
  `id` int(11) NOT NULL AUTO_INCREMENT,
  `name` varchar(255) DEFAULT NULL,
  `permalink` varchar(255) DEFAULT NULL,
  `banner` varchar(255) DEFAULT NULL,
  `left_pict` varchar(255) DEFAULT NULL,
  `content` longtext,
  `order` int(255) DEFAULT NULL,
  `active` varchar(255) DEFAULT NULL,
  PRIMARY KEY (`id`)
) ENGINE=InnoDB AUTO_INCREMENT=8 DEFAULT CHARSET=latin1;

-- ----------------------------
-- Records of main_produk
-- ----------------------------
INSERT INTO `main_produk` VALUES ('4', 'Tinta', 'tinta-printer', 'tinta-printer-amazink.jpg', 'tinta-printer-amazink_samping.jpg', '<h5 class=\"uppercase\" style=\"box-sizing: border-box; font-family: \'Open Sans\', arial, sans-serif; font-weight: 400; line-height: 1.4; color: #111111; margin-top: 10px; margin-bottom: 1.3em; font-size: 14px; text-transform: uppercase; letter-spacing: 1px;\">HIGH QUALITY PRINT RESULT</h5>\r\n\n<p style=\"box-sizing: border-box; margin: 0px 0px 2em; color: #5f5f5f; font-family: \'Open Sans\', arial, sans-serif; font-size: 16px; line-height: 28.8px; text-align: justify;\">Tinta AMAZiNK dibuat dengan teknologi tinggi dari Korea, memberikan hasil cetak yang tajam, melekat kuat di kertas dan memiliki saturasi yang tinggi.</p>\r\n\n<h5 class=\"uppercase\" style=\"box-sizing: border-box; font-family: \'Open Sans\', arial, sans-serif; font-weight: 400; line-height: 1.4; color: #111111; margin-top: 10px; margin-bottom: 1.3em; font-size: 14px; text-transform: uppercase; letter-spacing: 1px;\">AVAILABLE FOR ALL PURPOSE</h5>\r\n\n<p style=\"box-sizing: border-box; margin: 0px 0px 2em; color: #5f5f5f; font-family: \'Open Sans\', arial, sans-serif; font-size: 16px; line-height: 28.8px; text-align: justify;\">Tinta AMAZiNK tersedia dalam berbagai macam jenis tinta seperti dye, artpaper, sublimation dan pigment.</p>\r\n\n<h5 class=\"uppercase\" style=\"box-sizing: border-box; font-family: \'Open Sans\', arial, sans-serif; font-weight: 400; line-height: 1.4; color: #111111; margin-top: 10px; margin-bottom: 1.3em; font-size: 14px; text-transform: uppercase; letter-spacing: 1px;\">ANEKA PILIHAN KEMASAN</h5>\r\n\n<p style=\"box-sizing: border-box; margin: 0px 0px 2em; color: #5f5f5f; font-family: \'Open Sans\', arial, sans-serif; font-size: 16px; line-height: 28.8px; text-align: justify;\">AMAZiNK menyediakan tinta dalam berbagai pilihan kemasan sesuai kebutuhan. Tinta AMAZiNK tersedia dalam kemasan 50 ml, 100 ml dan 1 Liter.</p>\r\n\n<h5 class=\"uppercase\" style=\"box-sizing: border-box; font-family: \'Open Sans\', arial, sans-serif; font-weight: 400; line-height: 1.4; color: #111111; margin-top: 10px; margin-bottom: 1.3em; font-size: 14px; text-transform: uppercase; letter-spacing: 1px;\">AMAN BAGI PRINTHEAD</h5>\r\n\n<p style=\"box-sizing: border-box; margin: 0px 0px 2em; color: #5f5f5f; font-family: \'Open Sans\', arial, sans-serif; font-size: 16px; line-height: 28.8px; text-align: justify;\">Tinta AMAZiNK telah terbukti aman bagi sparepart dan printhead printer.</p>', '1', 'Yes');
INSERT INTO `main_produk` VALUES ('5', 'Toner', 'toner', 'toner_amazink.jpg', 'toner-amazink-side.jpg', '<h5 class=\"uppercase\" style=\"box-sizing: border-box; font-family: \'Open Sans\', arial, sans-serif; font-weight: 400; line-height: 1.4; color: #111111; margin-top: 10px; margin-bottom: 1.3em; font-size: 14px; text-transform: uppercase; letter-spacing: 1px;\"><strong style=\"box-sizing: border-box; -webkit-tap-highlight-color: transparent;\">AMAZINK TONER</strong></h5>\r\n\n<p style=\"box-sizing: border-box; margin: 0px 0px 2em; color: #5f5f5f; font-family: \'Open Sans\', arial, sans-serif; font-size: 16px; line-height: 28.8px; text-align: justify;\">AMAZiNK Toner merupakan toner berkualitas tinggi dengan hasil cetak yang tajam dan aman bagi printer laser. AMAZiNK membantu dalam penghematan penggunaan toner dan biaya cetak anda. AMAZiNK Toner menjamin hasil cetak dengan warna yang pekat dan volume cetak maksimal setara original. AMAZiNK Toner dikemas dengan takaran pas untuk sekali isi ulang. Dilengkapi dengan petunjuk refill, memudahkan siapa saja yang ingin menggunakannya baik di rumah atau di kantor. AMAZiNK menyediakan toner untuk tipe printer monochrome maupun colour. Tersedia untuk berbagai merk printer laser seperti HP, Samsung, Brother, Canon, dan FujiXerox.</p>', '2', 'Yes');
INSERT INTO `main_produk` VALUES ('6', 'compatible', 'compatible-amazink', 'compatible-amazink.jpg', 'compatible-amazinkprint.jpg', '<h5 class=\"uppercase\" style=\"box-sizing: border-box; font-family: \'Open Sans\', arial, sans-serif; font-weight: 400; line-height: 1.4; color: #111111; margin-top: 10px; margin-bottom: 1.3em; font-size: 14px; text-transform: uppercase; letter-spacing: 1px;\"><strong style=\"box-sizing: border-box; -webkit-tap-highlight-color: transparent;\">COMPATIBLE TONER AMAZINK</strong></h5>\r\n\n<p style=\"box-sizing: border-box; margin: 0px 0px 2em; color: #5f5f5f; font-family: \'Open Sans\', arial, sans-serif; font-size: 16px; line-height: 28.8px; text-align: justify;\">Compatible AMAZiNK merupakan cartridge printer laser berkualitas dengan hasil cetak yang maksimal. Menggunakan komponen-komponen berkualitas membuat produk ini mampu memberikan hasil cetak yang tajam, stabil, dan maksimal. Dengan menggunakan Compatible Toner AMAZiNK, printer laser menjadi lebih awet dan performa cetaknya akan tetap terjaga kualitasnya.</p>\r\n\n<p style=\"box-sizing: border-box; margin: 0px 0px 2em; color: #5f5f5f; font-family: \'Open Sans\', arial, sans-serif; font-size: 16px; line-height: 28.8px; text-align: justify;\">Compatible toner AMAZiNK merupakan produk siap pakai (plug n play), memudahkan siapapun yang hendak menggunakannya. AMAZiNK memiliki varian produk yang lengkap untuk berbagai macam merek printer laser yang beredar di Indonesia seperti HP, Brother dan FujiXerox</p>\r\n\n<p>&nbsp;</p>', '3', 'Yes');
INSERT INTO `main_produk` VALUES ('7', 'ciss', 'ciss-amazink', 'ciss-amazinkprint.jpg', 'ciss-amazinkside.jpg', '<h5 class=\"uppercase\" style=\"box-sizing: border-box; font-family: \'Open Sans\', arial, sans-serif; font-weight: 400; line-height: 1.4; color: #111111; margin-top: 10px; margin-bottom: 1.3em; font-size: 14px; text-transform: uppercase; letter-spacing: 1px;\">AMAZINK CISS (CONTINUOUS INK SUPPLY SYSTEM)</h5>\r\n\n<p style=\"box-sizing: border-box; margin: 0px 0px 2em; color: #5f5f5f; font-family: \'Open Sans\', arial, sans-serif; font-size: 16px; line-height: 28.8px; text-align: justify;\">AMAZiNK CISS (Continuous Ink Supply System) atau lebih dikenal dengan sistem infus printer dibuat untuk memudahkan pengguna dalam mengisi ulang (refill) tinta. Sistem ini sangat cocok digunakan bagi pengguna dengan kebutuhan cetak ekstra tinggi. AMAZiNK menghadirkan CISS berkualitas tinggi yang dikemas dengan materi terbaik, menjamin kemudahan dalam penggunaan dan perawatan. Dibuat dengan teknologi terbaik sehingga CISS AMAZiNK aman bagi printer. Dipadukan dengan tinta AMAZiNK, membuat kinerja printer semakin maksimal. AMAZiNK CISS tersedia untuk semua merk printer inkjet terkemuka seperti Canon, Epson, HP dan Brother</p>', '4', 'Yes');

-- ----------------------------
-- Table structure for member
-- ----------------------------
CREATE TABLE `member` (
  `id` int(11) NOT NULL AUTO_INCREMENT,
  `nama` varchar(255) DEFAULT NULL,
  `alamat` text,
  `no_telp` varchar(255) DEFAULT NULL,
  `nama_shipping` varchar(255) DEFAULT NULL,
  `alamat_shipping` text,
  `no_telp_shipping` varchar(255) DEFAULT NULL,
  PRIMARY KEY (`id`)
) ENGINE=InnoDB DEFAULT CHARSET=latin1;

-- ----------------------------
-- Records of member
-- ----------------------------

-- ----------------------------
-- Table structure for news
-- ----------------------------
CREATE TABLE `news` (
  `id` int(11) NOT NULL AUTO_INCREMENT,
  `meta_keyword` tinytext,
  `meta_description` tinytext,
  `title` varchar(255) DEFAULT NULL,
  `datepost` date DEFAULT NULL,
  `picture` varchar(255) DEFAULT NULL,
  `content` longtext,
  PRIMARY KEY (`id`)
) ENGINE=InnoDB DEFAULT CHARSET=latin1;

-- ----------------------------
-- Records of news
-- ----------------------------

-- ----------------------------
-- Table structure for page
-- ----------------------------
CREATE TABLE `page` (
  `id` int(11) NOT NULL AUTO_INCREMENT,
  `key_page` varchar(255) DEFAULT NULL,
  `title` varchar(255) DEFAULT NULL,
  `description` tinytext,
  `keyword_page` tinytext,
  `picture` varchar(255) DEFAULT NULL,
  `content` longtext,
  PRIMARY KEY (`id`)
) ENGINE=InnoDB DEFAULT CHARSET=latin1;

-- ----------------------------
-- Records of page
-- ----------------------------

-- ----------------------------
-- Table structure for product
-- ----------------------------
CREATE TABLE `product` (
  `id` int(11) NOT NULL AUTO_INCREMENT,
  `category_id` int(11) DEFAULT NULL,
  `product_name` varchar(255) DEFAULT NULL,
  `description` text,
  `product_image` varchar(255) DEFAULT NULL,
  `stock` int(255) DEFAULT NULL,
  `cost` int(11) DEFAULT NULL,
  `price` int(11) DEFAULT NULL,
  `discount` int(255) DEFAULT NULL,
  `featured` varchar(255) DEFAULT NULL,
  `new` date DEFAULT NULL,
  `status` varchar(255) DEFAULT NULL,
  `weight` int(11) NOT NULL,
  PRIMARY KEY (`id`)
) ENGINE=InnoDB AUTO_INCREMENT=52 DEFAULT CHARSET=latin1;

-- ----------------------------
-- Records of product
-- ----------------------------
INSERT INTO `product` VALUES ('16', '4', 'Ciss', 'AMAZiNK CISS (Continuous Ink Supply System) atau lebih dikenal dengan sistem infus printer dibuat untuk memudahkan pengguna dalam mengisi ulang (refill) tinta. Dengan tinta AMAZiNK, membuat kinerja printer semakin maksimal. AMAZiNK CISS tersedia untuk semua merk printer inkjet terkemuka seperti Canon, Epson, HP dan Brother.', 'photo_2016-03-08_14-02-16.jpg', null, '1', '275000', '0', 'Yes', null, 'Yes', '0');
INSERT INTO `product` VALUES ('17', '0', 'Photo paper / Kertas Foto glossy', 'Kertas foto Glossy merupakan kertas yang paling umum digunakan di Indonesia. Kertas foto Glossy AMAZiNK, yang merupakan kertas foto premium dari AMAZiNK yang mampu mencetak foto dengan resolusi tinggi.', 'photo_2016-03-08_14-02-08.jpg', '50', '1', '25000', '0', 'Yes', null, 'Yes', '0');
INSERT INTO `product` VALUES ('18', '1', 'Tinta Pigment AMAZiNK 100 ml Magenta', 'Tinta Pigment AMAZiNK 100 ml dikhususkan untuk user yang menginginkan hasil cetak maksimal dengan kualitas tahan lama. Tinta ini berbahan dasar minyak, sehingga tidak luntur terkena air.', 'tinta_pigment_100_ml_Magenta5.jpg', '100', '0', '80000', '0', 'No', null, 'Yes', '1');
INSERT INTO `product` VALUES ('19', '1', 'Tinta Pigment AMAZiNK 100 ml Cyan', 'Tinta Pigment AMAZiNK 100 ml dikhususkan untuk user yang menginginkan hasil cetak maksimal dengan kualitas tahan lama. Tinta ini berbahan dasar minyak, sehingga tidak luntur terkena air.', 'amazink_cyan_100ml.jpg', '100', '0', '80000', '0', null, null, 'Yes', '1');
INSERT INTO `product` VALUES ('20', '1', 'Tinta Pigment AMAZiNK 100 ml Yellow', 'Tinta Pigment AMAZiNK 100 ml dikhususkan untuk user yang menginginkan hasil cetak maksimal dengan kualitas tahan lama. Tinta ini berbahan dasar minyak, sehingga tidak luntur terkena air.', 'amazink_yellow_100_ml.jpg', '100', '0', '80000', '0', 'Yes', null, 'Yes', '1');
INSERT INTO `product` VALUES ('21', '1', 'Tinta Pigment AMAZiNK 100 ml Black', 'Tinta Pigment AMAZiNK 100 ml dikhususkan untuk user yang menginginkan hasil cetak maksimal dengan kualitas tahan lama. Tinta ini berbahan dasar minyak, sehingga tidak luntur terkena air.', 'amazink_black_100_ml.jpg', '100', '0', '80000', '0', null, null, 'Yes', '1');
INSERT INTO `product` VALUES ('22', '1', 'Tinta Printer AMAZiNK 100 ml Cyan For Printer Canon', 'Tinta printer inkjet yang dikhususkan untuk printer inkjet Canon kemasan 100 ml. Tinta AMAZiNK memberikan hasil cetak yang tajam, melekat kuat di kertas dan aman bagi head printer Canon. ', 'amazink_cyan_100ml2.jpg', '100', '0', '40000', '0', null, null, 'Yes', '1');
INSERT INTO `product` VALUES ('23', '1', 'Tinta Printer AMAZiNK 100 ml Magenta Untuk Printer Canon', 'Tinta printer inkjet yang dikhususkan untuk printer inkjet Canon kemasan 100 ml. Tinta AMAZiNK memberikan hasil cetak yang tajam, melekat kuat di kertas dan aman bagi head printer Canon. ', 'amazink_magenta_100ml.jpg', '100', '0', '40000', '0', null, null, 'Yes', '1');
INSERT INTO `product` VALUES ('24', '1', 'Tinta Printer AMAZiNK 100 ml Yellow Untuk Printer Canon', 'Tinta printer inkjet yang dikhususkan untuk printer inkjet Canon kemasan 100 ml. Tinta AMAZiNK memberikan hasil cetak yang tajam, melekat kuat di kertas dan aman bagi head printer Canon. ', 'amazink_yellow_100_ml1.jpg', '100', '0', '40000', '0', null, null, 'Yes', '1');
INSERT INTO `product` VALUES ('25', '1', 'Tinta Printer AMAZiNK 100 ml Black Untuk Printer Canon', 'Tinta printer inkjet yang dikhususkan untuk printer inkjet Canon kemasan 100 ml. Tinta AMAZiNK memberikan hasil cetak yang tajam, melekat kuat di kertas dan aman bagi head printer Canon. ', 'amazink_black_100_ml1.jpg', '100', '0', '40000', '0', 'Yes', null, 'Yes', '1');
INSERT INTO `product` VALUES ('26', '2', 'Toner Printer Refill 35A, 36A, dan 85A dari AMAZiNK', 'Toner printer hp 35A, 85A, 36A dapat digunakan untuk isi ulang cartridge toner :\n* Printer HP LaserJet P1005\n* Printer HP LaserJet P1006\n* Printer HP LaserJet P1007\n* Printer HP LaserJet Pro P1102\n* Printer HP LaserJet P1505\n* Printer HP LaserJet Pro P1606\n\nBubuk toner ini dikemas untuk satu kali refill atau isi ulang cartridge toner. Lebih hemat, efisien, hasil cetak tetap maksimal.\n\nPage yield up t0 : 1,500 pages', 'toner_refill_murah_85A.jpg', '10', '0', '125000', '0', 'Yes', null, 'Yes', '1');
INSERT INTO `product` VALUES ('27', '1', 'Tinta Printer AMAZiNK 100 ml Cyan Untuk Printer HP', 'Tinta printer inkjet yang dikhususkan untuk printer inkjet HP kemasan 100 ml. Tinta printer AMAZiNK memberikan hasil cetak yang tajam, melekat kuat di kertas dan aman bagi head printer HP.', 'amazink_cyan_100ml1.jpg', '100', '0', '40000', '0', null, null, 'Yes', '1');
INSERT INTO `product` VALUES ('28', '2', 'Toner Printer Refill 12A dari AMAZiNK', 'Toner refill (isi ulang) dari AMAZiNK untuk Printer Laserjet HP seri 1010, 1012, 1015, 1018, 1020, 1022 atau printer dengan seri cartridge Q2612A. Page yield up to 2,000 pages. Lebih praktis untuk 1 kali isi ulang. ', 'toner_refill_murah_85A1.jpg', '10', '0', '125000', '0', null, null, 'Yes', '1');
INSERT INTO `product` VALUES ('29', '1', 'Tinta Printer AMAZiNK 100 ml Magenta Untuk Printer HP', 'Tinta printer inkjet yang dikhususkan untuk printer inkjet HP kemasan 100 ml. Tinta AMAZiNK memberikan hasil cetak yang tajam, melekat kuat di kertas dan aman bagi head printer HP.', 'amazink_magenta_100ml1.jpg', '100', '0', '40000', '0', null, null, 'Yes', '1');
INSERT INTO `product` VALUES ('30', '1', 'Tinta Printer AMAZiNK 100 ml Yellow Untuk Printer HP', 'Tinta printer inkjet yang dikhususkan untuk printer inkjet HP kemasan 100 ml. Tinta printer AMAZiNK memberikan hasil cetak yang tajam, melekat kuat di kertas dan aman bagi head printer HP.', 'amazink_yellow_100_ml2.jpg', '100', '0', '40000', '0', null, null, 'Yes', '1');
INSERT INTO `product` VALUES ('31', '1', 'Tinta Printer AMAZiNK 100 ml Black Untuk Printer HP ', 'Tinta printer inkjet yang dikhususkan untuk printer inkjet HP kemasan 100 ml. Tinta printer AMAZiNK memberikan hasil cetak yang tajam, melekat kuat di kertas dan aman bagi head printer HP.', 'amazink_black_100_ml2.jpg', '100', '0', '40000', '0', null, null, 'Yes', '1');
INSERT INTO `product` VALUES ('32', '1', 'Tinta Printer AMAZiNK 100 ml Cyan Untuk Printer Brother', 'Tinta printer inkjet yang dikhususkan untuk printer inkjet Brother kemasan 100 ml. Tinta printer AMAZiNK memberikan hasil cetak yang tajam, melekat kuat di kertas dan aman bagi head printer Brother.', 'amazink_cyan_100ml3.jpg', '100', '0', '40000', '0', null, null, 'Yes', '1');
INSERT INTO `product` VALUES ('33', '1', 'Tinta Printer AMAZiNK 100 ml Magenta Untuk Printer Brother', 'Tinta printer inkjet yang dikhususkan untuk printer inkjet Brother kemasan 100 ml. Tinta printer AMAZiNK memberikan hasil cetak yang tajam, melekat kuat di kertas dan aman bagi head printer Brother.', 'amazink_magenta_100ml2.jpg', '100', '0', '40000', '0', null, null, 'Yes', '1');
INSERT INTO `product` VALUES ('34', '1', 'Tinta Printer AMAZiNK 100 ml Yellow For Printer Brother', 'Tinta printer inkjet yang dikhususkan untuk printer inkjet Brother kemasan 100 ml. Tinta printer AMAZiNK memberikan hasil cetak yang tajam, melekat kuat di kertas dan aman bagi head printer Brother.', 'amazink_yellow_100_ml3.jpg', '100', '0', '40000', '0', null, null, 'Yes', '1');
INSERT INTO `product` VALUES ('35', '1', 'Tinta Printer AMAZiNK 100 ml Black Untuk Printer Brother', 'Tinta printer inkjet yang dikhususkan untuk printer inkjet Brother kemasan 100 ml. Tinta printer AMAZiNK memberikan hasil cetak yang tajam, melekat kuat di kertas dan aman bagi head printer Brother.', 'amazink_black_100_ml3.jpg', '100', '0', '40000', '0', null, null, 'Yes', '1');
INSERT INTO `product` VALUES ('36', '1', 'Tinta Printer AMAZiNK 100 ml Cyan Untuk Printer Epson L Series', 'Tinta printer inkjet yang dikhususkan untuk printer Epson L Series, kemasan 100 ml. Tinta printer AMAZiNK memberikan hasil cetak yang tajam, melekat kuat di kertas dan aman bagi head printer Epson.', 'tinta_epson_100ml_cyan.jpg', '100', '0', '40000', '0', null, null, 'Yes', '1');
INSERT INTO `product` VALUES ('37', '1', 'Tinta Printer AMAZiNK 100 ml Magenta Untuk Printer Epson L Series', 'Tinta printer inkjet yang dikhususkan untuk printer Epson L Series, kemasan 100 ml. Tinta printer AMAZiNK memberikan hasil cetak yang tajam, melekat kuat di kertas dan aman bagi head printer Epson.', 'tinta_epson_100ml_magenta.jpg', '100', '0', '40000', '0', null, null, 'Yes', '1');
INSERT INTO `product` VALUES ('38', '1', 'Tinta Printer AMAZiNK 100 ml Yellow Untuk Printer Epson L Series', 'Tinta printer inkjet yang dikhususkan untuk printer Epson L Series, kemasan 100 ml. Tinta printer AMAZiNK memberikan hasil cetak yang tajam, melekat kuat di kertas dan aman bagi head printer Epson.', 'tinta_epson_100ml_yellow.jpg', '100', '0', '40000', '0', null, null, 'Yes', '1');
INSERT INTO `product` VALUES ('39', '1', 'Tinta Printer AMAZiNK 100 ml Black Untuk Printer Epson L Series', 'Tinta printer inkjet yang dikhususkan untuk printer Epson L Series, kemasan 100 ml. Tinta printer AMAZiNK memberikan hasil cetak yang tajam, melekat kuat di kertas dan aman bagi head printer Epson.', 'tinta_epson_100ml_black.jpg', '100', '0', '40000', '0', null, null, 'Yes', '1');
INSERT INTO `product` VALUES ('40', '1', 'Tinta Printer AMAZiNK 100 ml Light Cyan Untuk Printer Epson L Series', 'Tinta printer inkjet yang dikhususkan untuk printer Epson L Series, kemasan 100 ml. Tinta printer AMAZiNK memberikan hasil cetak yang tajam, melekat kuat di kertas dan aman bagi head printer Epson.', 'amazink_LC_100_ml.jpg', '100', '0', '40000', '0', null, null, 'Yes', '1');
INSERT INTO `product` VALUES ('41', '1', 'Tinta Printer AMAZiNK 100 ml Light Magenta Untuk Printer Epson L Series', 'Tinta printer inkjet yang dikhususkan untuk printer Epson L Series, kemasan 100 ml. Tinta printer AMAZiNK memberikan hasil cetak yang tajam, melekat kuat di kertas dan aman bagi head printer Epson.', 'amazink_LM_100_ml.jpg', '100', '0', '40000', '0', null, null, 'Yes', '1');
INSERT INTO `product` VALUES ('42', '2', 'Toner Printer Refill 13A, 15A, 05A dari AMAZiNK', 'Toner Refill AMAZiNK untuk Printer HP Laser Jet Mono seri 1300, 1200, 1150, P 2035,2055,PRO 400,MFP M245 atau printer dengan seri cartridge Q2613A, C7115A dan CE505A. Page yield up to 2,500 pages. Untuk sekali isi ulang dengan takaran yang pas. ', 'toner_refill_murah_85A2.jpg', null, '0', '125000', '0', null, null, null, '1');
INSERT INTO `product` VALUES ('43', '2', 'Toner Refill Printer Fuji Xerox DocuPrint P105,P205, M205, P215, M215 Series', 'Toner Refill AMAZiNK untuk Printer Fuji Xerox DocuPrint P105,P205, M205, P215, M215 Series. Page yield up to 2,200 pages. Lebih Hemat dan hasil tetap maksimal. ', 'Toner_Refill_Untuk_Printer_FujiXerox_DocuPrint.jpg', null, '0', '175000', '0', null, null, null, '1');
INSERT INTO `product` VALUES ('44', '2', 'Toner Refill Printer Fujixerox Workcentre PE220', 'Toner Refill AMAZiNK untuk Printer Fuji Xerox WC PE 220, 222, 228, 3119,3117, 3122, 3124, 3125 , 3200 Series. Page yield up to 3000 pages. Lebih hemat dan hasil tetap maksimal.', 'Toner_Refill_Untuk_Printer_FujiXerox_DocuPrint1.jpg', null, '0', '175000', '0', null, null, null, '1');
INSERT INTO `product` VALUES ('45', '2', 'Toner Refill Untuk Printer Fuji Xerox Phaser 3155/ 3140', 'Toner Refill AMAZiNK untuk Printer Fuji Xerox Phaser 3155/ 3140/ 3160 Series. Page yield up to 2500 pages. Lebih Hemat dan hasil tetap maksimal.', 'Toner_Refill_Untuk_Printer_FujiXerox_DocuPrint2.jpg', null, '0', '175000', '0', null, null, null, '1');
INSERT INTO `product` VALUES ('46', '2', 'Toner Refill Untuk Printer Samsung ML-1610/ 1660', 'Toner Refill AMAZiNK untuk Printer Samsung ML 2570, 2510, 2010, 1610, 1860,1665,1660, SCX 3205, 3200, ML 1750, 1740, 1710, 1510 SCX\n4016, 4216, SF 560, 755 Series. Page yield up to 3000 pages. Lebih Hemat dan hasil tetap maksimal.', 'Toner_Refill_Untuk_Printer_FujiXerox_DocuPrint3.jpg', null, '0', '175000', '0', null, null, null, '1');
INSERT INTO `product` VALUES ('47', '2', 'Toner Refill Untuk Printer Fuji Xerox Docuprint P355d', 'Toner Refill AMAZiNK untuk Printer Fuji Xerox DocuPrint P355 Series. Page yield up to 4000 pages. Lebih Hemat dan hasil tetap maksimal.', 'Toner_Refill_Untuk_Printer_FujiXerox_DocuPrint4.jpg', null, '0', '225000', '0', null, null, null, '1');
INSERT INTO `product` VALUES ('48', '3', 'Cartridge Toner Black Amazink Untuk Fuji Xerox CP205 dan CP215 Series', 'Cartridge Toner siap pakai dari AMAZiNK untuk printer Fuji Xerox Docuprint CP105b, CP205, CP205w, CM205b, CM205f, CM205fw, CP215fw, CM215b, CM215fw. Praktis dan efisien.', 'toner_black_xerox_cp.jpg', '10', '0', '300000', '0', 'Yes', null, 'Yes', '1');
INSERT INTO `product` VALUES ('49', '3', 'Cartridge Toner Cyan Amazink Untuk Fuji Xerox CP205 dan CP215 Series', 'Cartridge Toner siap pakai dari AMAZiNK untuk printer Fuji Xerox Docuprint CP105b, CP205, CP205w, CM205b, CM205f, CM205fw, CP215fw, CM215b, CM215fw. Praktis dan efisien.', 'toner_cyan_xerox_cp.jpg', '10', '0', '300000', '0', null, null, 'Yes', '1');
INSERT INTO `product` VALUES ('50', '3', 'Cartridge Toner Magenta Amazink Untuk Fuji Xerox CP205 dan CP215 Series', 'Cartridge Toner siap pakai dari AMAZiNK untuk printer Fuji Xerox Docuprint CP105b, CP205, CP205w, CM205b, CM205f, CM205fw, CP215fw, CM215b, CM215fw. Praktis dan efisien.', 'toner_magenta_xerox_cp.jpg', '10', '0', '300000', '0', null, null, 'Yes', '1');
INSERT INTO `product` VALUES ('51', '3', 'Cartridge Toner Yellow Amazink Untuk Fuji Xerox CP205 dan CP215 Series', 'Cartridge Toner siap pakai dari AMAZiNK untuk printer Fuji Xerox Docuprint CP105b, CP205, CP205w, CM205b, CM205f, CM205fw, CP215fw, CM215b, CM215fw. Praktis dan efisien.', 'toner_yellow_xerox_cp.jpg', '10', '0', '300000', '0', null, null, 'Yes', '1');

-- ----------------------------
-- Table structure for product_category
-- ----------------------------
CREATE TABLE `product_category` (
  `id` int(11) NOT NULL AUTO_INCREMENT,
  `name` varchar(255) DEFAULT NULL,
  PRIMARY KEY (`id`)
) ENGINE=InnoDB AUTO_INCREMENT=13 DEFAULT CHARSET=latin1;

-- ----------------------------
-- Records of product_category
-- ----------------------------
INSERT INTO `product_category` VALUES ('1', 'Tinta Art Paper');
INSERT INTO `product_category` VALUES ('2', 'Tinta Sublime');
INSERT INTO `product_category` VALUES ('3', 'Tinta Pigment');
INSERT INTO `product_category` VALUES ('4', 'Tinta Dye');
INSERT INTO `product_category` VALUES ('5', 'Tinta');
INSERT INTO `product_category` VALUES ('6', 'Toner');
INSERT INTO `product_category` VALUES ('7', 'Ciss');
INSERT INTO `product_category` VALUES ('8', 'Photopaper');
INSERT INTO `product_category` VALUES ('9', 'Compatible');
INSERT INTO `product_category` VALUES ('10', 'Consumable');
INSERT INTO `product_category` VALUES ('11', 'Tinta Original');
INSERT INTO `product_category` VALUES ('12', 'Consumable Original');

-- ----------------------------
-- Table structure for product_image
-- ----------------------------
CREATE TABLE `product_image` (
  `id` int(11) NOT NULL AUTO_INCREMENT,
  `product_id` int(11) DEFAULT NULL,
  `product_image` varchar(255) DEFAULT NULL,
  PRIMARY KEY (`id`)
) ENGINE=InnoDB AUTO_INCREMENT=18 DEFAULT CHARSET=latin1;

-- ----------------------------
-- Records of product_image
-- ----------------------------
INSERT INTO `product_image` VALUES ('13', '10', 'hp-678-black-ink-cartridge_(1)1.jpg');
INSERT INTO `product_image` VALUES ('14', '13', 'Design-tinta-amazing.jpg');
INSERT INTO `product_image` VALUES ('15', '13', 'er.jpg');
INSERT INTO `product_image` VALUES ('16', '14', 'SAMSUNG_CLP_300__jogo.jpg');
INSERT INTO `product_image` VALUES ('17', '14', 'CLP300.jpg');

-- ----------------------------
-- Table structure for reseller
-- ----------------------------
CREATE TABLE `reseller` (
  `id` int(11) NOT NULL AUTO_INCREMENT,
  `nama` varchar(255) DEFAULT NULL,
  `alamat` tinytext,
  PRIMARY KEY (`id`)
) ENGINE=InnoDB DEFAULT CHARSET=latin1;

-- ----------------------------
-- Records of reseller
-- ----------------------------

-- ----------------------------
-- Table structure for slider
-- ----------------------------
CREATE TABLE `slider` (
  `id` int(11) NOT NULL AUTO_INCREMENT,
  `title` varchar(255) DEFAULT NULL,
  `picture` varchar(255) DEFAULT NULL,
  PRIMARY KEY (`id`)
) ENGINE=InnoDB DEFAULT CHARSET=latin1;

-- ----------------------------
-- Records of slider
-- ----------------------------

-- ----------------------------
-- Table structure for slider_toko
-- ----------------------------
CREATE TABLE `slider_toko` (
  `id` int(11) NOT NULL AUTO_INCREMENT,
  `title` varchar(255) DEFAULT NULL,
  `picture` varchar(255) DEFAULT NULL,
  PRIMARY KEY (`id`)
) ENGINE=InnoDB DEFAULT CHARSET=latin1;

-- ----------------------------
-- Records of slider_toko
-- ----------------------------

-- ----------------------------
-- Table structure for sub_menu
-- ----------------------------
CREATE TABLE `sub_menu` (
  `id` int(11) NOT NULL AUTO_INCREMENT,
  `main_id` int(11) DEFAULT NULL,
  `sub_menu` varchar(255) DEFAULT NULL,
  `icon` varchar(255) DEFAULT NULL,
  `page_id` int(11) DEFAULT NULL,
  PRIMARY KEY (`id`)
) ENGINE=InnoDB DEFAULT CHARSET=latin1;

-- ----------------------------
-- Records of sub_menu
-- ----------------------------

-- ----------------------------
-- Table structure for tag_product
-- ----------------------------
CREATE TABLE `tag_product` (
  `id` int(11) NOT NULL AUTO_INCREMENT,
  `product_id` int(11) DEFAULT NULL,
  `kategori_id` int(11) DEFAULT NULL,
  PRIMARY KEY (`id`)
) ENGINE=InnoDB AUTO_INCREMENT=11 DEFAULT CHARSET=latin1;

-- ----------------------------
-- Records of tag_product
-- ----------------------------
INSERT INTO `tag_product` VALUES ('2', '11', '1');
INSERT INTO `tag_product` VALUES ('3', '11', '5');
INSERT INTO `tag_product` VALUES ('4', '12', '9');
INSERT INTO `tag_product` VALUES ('5', '12', '11');
INSERT INTO `tag_product` VALUES ('6', '14', '1');
INSERT INTO `tag_product` VALUES ('7', '14', '5');
INSERT INTO `tag_product` VALUES ('8', '14', '11');
INSERT INTO `tag_product` VALUES ('9', '13', '1');
INSERT INTO `tag_product` VALUES ('10', '13', '5');

-- ----------------------------
-- Table structure for video
-- ----------------------------
CREATE TABLE `video` (
  `id` int(11) NOT NULL AUTO_INCREMENT,
  `title` varchar(255) DEFAULT NULL,
  `video_url` varchar(255) DEFAULT NULL,
  PRIMARY KEY (`id`)
) ENGINE=InnoDB DEFAULT CHARSET=latin1;

-- ----------------------------
-- Records of video
-- ----------------------------

-- ----------------------------
-- Table structure for web_setting
-- ----------------------------
CREATE TABLE `web_setting` (
  `id` int(11) NOT NULL AUTO_INCREMENT,
  `title` varchar(255) DEFAULT NULL,
  `meta_text` text,
  `meta_desc` text,
  `meta_keyword` text,
  `author` varchar(255) DEFAULT NULL,
  `facebook` varchar(255) DEFAULT NULL,
  `twitter` varchar(255) DEFAULT NULL,
  `google_plus` varchar(255) DEFAULT NULL,
  `youtube` varchar(255) DEFAULT NULL,
  `whatsapp` varchar(255) DEFAULT NULL,
  `pin_bb` varchar(255) DEFAULT NULL,
  `no_telp` varchar(255) DEFAULT NULL,
  `alamat` tinytext,
  `email` varchar(255) DEFAULT NULL,
  `rekening_perusahaan1` tinytext,
  `rekening_perusahaan2` tinytext,
  `rekening_perusahaan3` tinytext,
  PRIMARY KEY (`id`)
) ENGINE=InnoDB AUTO_INCREMENT=2 DEFAULT CHARSET=latin1;

-- ----------------------------
-- Records of web_setting
-- ----------------------------
INSERT INTO `web_setting` VALUES ('1', 'amazinkprint', 'Tinta Printer Pilihan Terbaik | AMAZiNK | Printing Perfectly | www.amazinkprint.com | Email :  info@amazinkprint.com', 'tinta printer, tinta refilll, tinta printer canon, tinta printer epson, tinta printer brother, tinta printer hp, harga tinta printer, jual tinta printer, amazink', 'tinta printer, tinta refilll, tinta printer canon, tinta printer epson, tinta printer brother, tinta printer hp, harga tinta printer, jual tinta printer, amazink', 'amazinkprint 2015', 'https://www.facebook.com/AmazinkPrint/', '', '0', '0', '', '54956FA6', '(0298) 328491', 'Jl.Imam Bonjol No.28, Salatiga, Jawa Tengah', 'info@amazinkprint.com', '0', '0', '0');
